{"id":533,"date":"2016-02-17T22:30:40","date_gmt":"2016-02-17T22:30:40","guid":{"rendered":"http:\/\/imagelydemo.com.routing.wpmanagedhost.com\/?page_id=6"},"modified":"2025-01-18T19:00:29","modified_gmt":"2025-01-18T18:00:29","slug":"about","status":"publish","type":"page","link":"https:\/\/www.christine-bastide.fr\/index.php\/about\/","title":{"rendered":"Zoom"},"content":{"rendered":"\n<figure class=\"wp-block-image alignwide size-large\"><img loading=\"lazy\" decoding=\"async\" width=\"1024\" height=\"204\" src=\"https:\/\/www.christine-bastide.fr\/wp-content\/uploads\/2025\/01\/bande1-1024x204.jpg\" alt=\"\" class=\"wp-image-8022\" srcset=\"https:\/\/www.christine-bastide.fr\/wp-content\/uploads\/2025\/01\/bande1-1024x204.jpg 1024w, https:\/\/www.christine-bastide.fr\/wp-content\/uploads\/2025\/01\/bande1-300x60.jpg 300w, https:\/\/www.christine-bastide.fr\/wp-content\/uploads\/2025\/01\/bande1-768x153.jpg 768w, https:\/\/www.christine-bastide.fr\/wp-content\/uploads\/2025\/01\/bande1-1536x307.jpg 1536w, https:\/\/www.christine-bastide.fr\/wp-content\/uploads\/2025\/01\/bande1-2048x409.jpg 2048w\" sizes=\"auto, (max-width: 1024px) 100vw, 1024px\" \/><\/figure>\n\n\n<style>.wp-block-kadence-spacer.kt-block-spacer-533_cb7c28-c0 .kt-block-spacer{height:60px;}.wp-block-kadence-spacer.kt-block-spacer-533_cb7c28-c0 .kt-divider{border-top-width:1px;height:1px;border-top-color:#eee;width:100%;border-top-style:solid;}<\/style>\n<div class=\"wp-block-kadence-spacer aligncenter kt-block-spacer-533_cb7c28-c0\"><div class=\"kt-block-spacer kt-block-spacer-halign-center\"><hr class=\"kt-divider\"\/><\/div><\/div>\n\n\n\n<p class=\"has-small-font-size\" style=\"font-style:normal;font-weight:500\">Bienvenue dans le monde captivant de la photographie animali\u00e8re, o\u00f9\u00a0chaque photo raconte une histoire unique.<\/p>\n\n\n\n<p class=\"has-small-font-size\" style=\"font-style:normal;font-weight:500\">Plongez dans l\u2019intimit\u00e9\u00a0de la faune sauvage\u00a0\u00e0\u00a0travers mon objectif.\u00a0<\/p>\n\n\n\n<p class=\"has-small-font-size\" style=\"font-style:normal;font-weight:500\">Mon regard est tourn\u00e9&nbsp;vers les d\u00e9tails&nbsp;: un&nbsp;\u00e9clat de lumi\u00e8re sur un plumage, les mouvements d\u2019un animal, ou encore les interactions entre eux.<\/p>\n\n\n\n<p class=\"has-small-font-size\" style=\"font-style:normal;font-weight:500\">Guid\u00e9e par l\u2019\u00e9motion de la beaut\u00e9&nbsp;brute, la nature est une invitation&nbsp;\u00e0&nbsp;d\u00e9couvrir la richesse de la vie animale,&nbsp;\u00e0&nbsp;ressentir l\u2019\u00e9nergie d\u2019un instant fig\u00e9&nbsp;dans le temps.<\/p>\n\n\n\n<p class=\"has-small-font-size\" style=\"font-style:normal;font-weight:500\">Chaque sortie en pleine nature est pour moi une aventure, une occasion d&rsquo;\u00e9merveiller mes sens et de figer des moments uniques.<\/p>\n\n\n\n<p class=\"has-small-font-size\" style=\"font-style:normal;font-weight:500\">En parall\u00e8le de ma passion, je fais&nbsp;\u00e9galement partie d&rsquo;un club photo dynamique qui m\u2019offre l\u2019opportunit\u00e9&nbsp;d\u2019affiner mes comp\u00e9tences, d\u2019\u00e9changer avec d\u2019autres passionn\u00e9s et de participer&nbsp;\u00e0&nbsp;des concours, tant au niveau national qu\u2019international. Chaque exp\u00e9rience enrichit ma vision artistique et me pousse&nbsp;\u00e0&nbsp;explorer de nouvelles techniques.<\/p>\n\n\n\n<p class=\"has-small-font-size\" style=\"font-style:normal;font-weight:500\">Explorez ma galerie comme un voyage au c\u0153ur du monde animal et laissez-vous inspirer par sa magie&nbsp;\u00e0&nbsp;l\u2019\u00e9tat pur.<\/p>\n\n\n<style>.wp-block-kadence-spacer.kt-block-spacer-533_e2ec70-df .kt-block-spacer{height:60px;}.wp-block-kadence-spacer.kt-block-spacer-533_e2ec70-df .kt-divider{border-top-width:1px;height:1px;border-top-color:#eee;width:100%;border-top-style:solid;}<\/style>\n<div class=\"wp-block-kadence-spacer aligncenter kt-block-spacer-533_e2ec70-df\"><div class=\"kt-block-spacer kt-block-spacer-halign-center\"><hr class=\"kt-divider\"\/><\/div><\/div>\n\n\n\n<figure class=\"wp-block-image alignwide size-large\"><img loading=\"lazy\" decoding=\"async\" width=\"1024\" height=\"206\" src=\"https:\/\/www.christine-bastide.fr\/wp-content\/uploads\/2025\/01\/bande2-1024x206.jpg\" alt=\"\" class=\"wp-image-8024\" srcset=\"https:\/\/www.christine-bastide.fr\/wp-content\/uploads\/2025\/01\/bande2-1024x206.jpg 1024w, https:\/\/www.christine-bastide.fr\/wp-content\/uploads\/2025\/01\/bande2-300x60.jpg 300w, https:\/\/www.christine-bastide.fr\/wp-content\/uploads\/2025\/01\/bande2-768x154.jpg 768w, https:\/\/www.christine-bastide.fr\/wp-content\/uploads\/2025\/01\/bande2-1536x308.jpg 1536w, https:\/\/www.christine-bastide.fr\/wp-content\/uploads\/2025\/01\/bande2-2048x411.jpg 2048w\" sizes=\"auto, (max-width: 1024px) 100vw, 1024px\" \/><\/figure>\n\n\n\n<p><\/p>\n","protected":false},"excerpt":{"rendered":"<p>Bienvenue dans le monde captivant de la photographie animali\u00e8re, o\u00f9\u00a0chaque photo raconte une histoire unique. Plongez dans l\u2019intimit\u00e9\u00a0de la faune sauvage\u00a0\u00e0\u00a0travers mon objectif.\u00a0 Mon regard est tourn\u00e9&nbsp;vers les d\u00e9tails&nbsp;: un&nbsp;\u00e9clat de lumi\u00e8re sur un plumage, les mouvements d\u2019un animal, ou encore les interactions entre eux. Guid\u00e9e par l\u2019\u00e9motion de la beaut\u00e9&nbsp;brute, la nature est une [&hellip;]<\/p>\n","protected":false},"author":1,"featured_media":991,"parent":0,"menu_order":0,"comment_status":"closed","ping_status":"closed","template":"","meta":{"ngg_post_thumbnail":0,"footnotes":""},"class_list":["post-533","page","type-page","status-publish","has-post-thumbnail","hentry","entry","has-media"],"_links":{"self":[{"href":"https:\/\/www.christine-bastide.fr\/index.php\/wp-json\/wp\/v2\/pages\/533","targetHints":{"allow":["GET"]}}],"collection":[{"href":"https:\/\/www.christine-bastide.fr\/index.php\/wp-json\/wp\/v2\/pages"}],"about":[{"href":"https:\/\/www.christine-bastide.fr\/index.php\/wp-json\/wp\/v2\/types\/page"}],"author":[{"embeddable":true,"href":"https:\/\/www.christine-bastide.fr\/index.php\/wp-json\/wp\/v2\/users\/1"}],"replies":[{"embeddable":true,"href":"https:\/\/www.christine-bastide.fr\/index.php\/wp-json\/wp\/v2\/comments?post=533"}],"version-history":[{"count":18,"href":"https:\/\/www.christine-bastide.fr\/index.php\/wp-json\/wp\/v2\/pages\/533\/revisions"}],"predecessor-version":[{"id":8415,"href":"https:\/\/www.christine-bastide.fr\/index.php\/wp-json\/wp\/v2\/pages\/533\/revisions\/8415"}],"wp:featuredmedia":[{"embeddable":true,"href":"https:\/\/www.christine-bastide.fr\/index.php\/wp-json\/"}],"wp:attachment":[{"href":"https:\/\/www.christine-bastide.fr\/index.php\/wp-json\/wp\/v2\/media?parent=533"}],"curies":[{"name":"wp","href":"https:\/\/api.w.org\/{rel}","templated":true}]}}